{"id":43,"date":"2026-01-01T00:00:00","date_gmt":"2026-01-01T00:00:00","guid":{"rendered":"https:\/\/cirujanos-plasticos.jorgebastida.es\/?page_id=43"},"modified":"2026-01-01T00:00:00","modified_gmt":"2026-01-01T00:00:00","slug":"noviembre-reunion-smcpre","status":"publish","type":"page","link":"https:\/\/cirujanos-plasticos.jorgebastida.es\/?page_id=43","title":{"rendered":". %- Cirujanos pl\u00e1sticos en Murcia"},"content":{"rendered":"<div class=\"content-wrapper sidebar-included right-sidebar\">\n<div class=\"clear\"><\/div>\n<div class='gdl-page-float-left'>\n<div class='gdl-page-item'>\n<div class=\"sixteen columns mt0\">\n<h1 class=\"single-thumbnail-title post-title-color gdl-title\"><a href=\"\/index.html\">14 noviembre: Reuni\u00f3n de la SMCPRE.<\/a><\/h1>\n<div class=\"single-thumbnail-info post-info-color gdl-divider\">\n<div class=\"single-thumbnail-date\">noviembre 14, 2012<\/div>\n<div class=\"single-thumbnail-author\"> by Dr.F.J.Pedre\u00f1o<\/div>\n<div class=\"single-thumbnail-tag\"><a href=\"\/tag\/cirugia-infantil\/index.html\" rel=\"tag\">cirug\u00eda infantil<\/a>, <a href=\"\/tag\/cirugia-plastica-2\/index.html\" rel=\"tag\">cirug\u00eda pl\u00e1stica<\/a>, <a href=\"\/tag\/smcpre\/index.html\" rel=\"tag\">SMCPRE<\/a><\/div>\n<div class=\"single-thumbnail-comment\"><a href=\"\/index.html#respond\">0 Comment<\/a><\/div>\n<div class=\"clear\"><\/div>\n<\/div>\n<div class='clear'><\/div>\n<div class='single-content'>\n<p><img fetchpriority=\"high\" decoding=\"async\" class=\"alignleft  wp-image-345\" style=\"border: 1px solid #888888; margin-right: 12px;\" title=\"Congreso SECPRE\" alt=\"\" src=\"\/wp-content\/uploads\/2012\/11\/Congreso-SECPRE.jpeg\" width=\"209\" height=\"314\" srcset=\"..\/wp-content\/uploads\/2012\/11\/Congreso-SECPRE.jpeg 298w, ..\/wp-content\/uploads\/2012\/11\/Congreso-SECPRE-199x300.jpeg 199w\" sizes=\"(max-width: 209px) 100vw, 209px\" \/><\/p>\n<h3>La SECPRE\u00a0present\u00f3 su Primer Dec\u00e1logo\u00a0de Consejos previos\u00a0a someterse una intervenci\u00f3n de cirug\u00eda pl\u00e1stica.<\/h3>\n<h4>M\u00e1s de 350 cirujanos pl\u00e1sticos se reunieron en el XLVI Congreso de la Sociedad Espa\u00f1ola de Cirug\u00eda Pl\u00e1stica, Reparadora y Est\u00e9tica, que se celebr\u00f3 en Murcia, para analizar los \u00faltimos avances de su especialidad.<\/h4>\n<p>&#8211; El objetivo fundamental de este documento es explicar y concienciar a la poblaci\u00f3n general sobre la necesidad de aceptar la cirug\u00eda pl\u00e1stica como una especialidad m\u00e9dica y quir\u00fargica con sus riesgos y beneficios.<\/p>\n<p>&#8211; Es necesario que tanto los propios pacientes como su entorno adopten las medidas oportunas y se informen, adecuadamente, sobre los diferentes aspectos previos a tener en cuenta antes de una intervenci\u00f3n quir\u00fargica de \u00edndole est\u00e9tica y no se lo tomen como algo banal.<\/p>\n<p>&#8211; Este documento pretende evitar la mala praxis, el intrusismo y los actos ilegales que se producen en torno a la especialidad.<\/p>\n<p>&#8211; Seleccionar un cirujano pl\u00e1stico con t\u00edtulo oficial de especialista y recomendar que la intervenci\u00f3n debe realizarse en un centro hospitalario o cl\u00ednica que disponga de todos los recursos necesarios para atender cualquier posible situaci\u00f3n de emergencia, son algunas de las recomendaciones de este dec\u00e1logo.<\/p>\n<p>&#8211; Otros temas de actualidad que se trataron en el congreso son la cirug\u00eda infantil, la cirug\u00eda de linfedema, nuevas informaciones sobre la liposucci\u00f3n y lipoescultura, novedades en t\u00e9cnicas en el aumento mamario, nuevas tendencias en cirug\u00eda pl\u00e1stica, lifting, grandes quemados, cirug\u00eda \u00edntima, rejuvenecimiento de la mirada, entre otros temas de gran inter\u00e9s general.<\/p>\n<p>&nbsp;<\/p>\n<\/div>\n<div class=\"clear\"><\/div>\n<div class='social-share-title gdl-link-title gdl-title'>Compartir<\/div>\n<div class=\"social-shares\">\n<ul>\n<li>\n\t\t\t\t<a href=\"http:\/\/www.facebook.com\/share.php?u=https:\/\/cirujanoplasticomurcia.es\/noviembre-reunion-smcpre\/\" target=\"_blank\"><br \/>\n\t\t\t\t\t<img decoding=\"async\" class=\"no-preload\" src=\"\/wp-content\/themes\/modernize\/images\/icon\/dark\/social\/facebook-share.png\"><br \/>\n\t\t\t\t<\/a>\n\t\t\t<\/li>\n<li>\n\t\t\t\t<a href=\"http:\/\/twitter.com\/home?status=14+noviembre%3A+Reuni%C3%B3n+de+la+SMCPRE.%20-%20https:\/\/cirujanoplasticomurcia.es\/noviembre-reunion-smcpre\/\" target=\"_blank\"><br \/>\n\t\t\t\t\t<img decoding=\"async\" class=\"no-preload\" src=\"\/wp-content\/themes\/modernize\/images\/icon\/dark\/social\/twitter-share.png\"><br \/>\n\t\t\t\t<\/a>\n\t\t\t<\/li>\n<li>\n\t\t\t\t<a href=\"http:\/\/www.google.com\/bookmarks\/mark?op=edit&#038;bkmk=https:\/\/cirujanoplasticomurcia.es\/noviembre-reunion-smcpre\/&#038;title=14+noviembre%3A+Reuni%C3%B3n+de+la+SMCPRE.\" target=\"_blank\"><br \/>\n\t\t\t\t\t<img decoding=\"async\" class=\"no-preload\" src=\"\/wp-content\/themes\/modernize\/images\/icon\/dark\/social\/google-share.png\"><br \/>\n\t\t\t\t<\/a>\n\t\t\t<\/li>\n<li>\n\t\t\t\t<a href=\"http:\/\/www.stumbleupon.com\/submit?url=https:\/\/cirujanoplasticomurcia.es\/noviembre-reunion-smcpre\/&#038;title=14+noviembre%3A+Reuni%C3%B3n+de+la+SMCPRE.\" target=\"_blank\"><br \/>\n\t\t\t\t\t<img decoding=\"async\" class=\"no-preload\" src=\"\/wp-content\/themes\/modernize\/images\/icon\/dark\/social\/stumble-upon-share.png\"><br \/>\n\t\t\t\t<\/a>\n\t\t\t<\/li>\n<li>\n\t\t\t\t<a href=\"http:\/\/www.myspace.com\/Modules\/PostTo\/Pages\/?u=https:\/\/cirujanoplasticomurcia.es\/noviembre-reunion-smcpre\/\" target=\"_blank\"><br \/>\n\t\t\t\t\t<img decoding=\"async\" class=\"no-preload\" src=\"\/wp-content\/themes\/modernize\/images\/icon\/dark\/social\/my-space-share.png\"><br \/>\n\t\t\t\t<\/a>\n\t\t\t<\/li>\n<li>\n\t\t\t\t<a href=\"http:\/\/delicious.com\/post?url=https:\/\/cirujanoplasticomurcia.es\/noviembre-reunion-smcpre\/&#038;title=14 noviembre Reunin de la SMCPRE\" target=\"_blank\"><br \/>\n\t\t\t\t\t<img decoding=\"async\" class=\"no-preload\" src=\"\/wp-content\/themes\/modernize\/images\/icon\/dark\/social\/delicious-share.png\"><br \/>\n\t\t\t\t<\/a>\n\t\t\t<\/li>\n<li>\n\t\t\t\t<a href=\"http:\/\/digg.com\/submit?url=https:\/\/cirujanoplasticomurcia.es\/noviembre-reunion-smcpre\/&#038;title=14+noviembre%3A+Reuni%C3%B3n+de+la+SMCPRE.\" target=\"_blank\"><br \/>\n\t\t\t\t\t<img decoding=\"async\" class=\"no-preload\" src=\"\/wp-content\/themes\/modernize\/images\/icon\/dark\/social\/digg-share.png\"><br \/>\n\t\t\t\t<\/a>\n\t\t\t<\/li>\n<li>\n\t\t\t\t<a href=\"http:\/\/reddit.com\/submit?url=https:\/\/cirujanoplasticomurcia.es\/noviembre-reunion-smcpre\/&#038;title=14+noviembre%3A+Reuni%C3%B3n+de+la+SMCPRE.\" target=\"_blank\"><br \/>\n\t\t\t\t\t<img decoding=\"async\" class=\"no-preload\" src=\"\/wp-content\/themes\/modernize\/images\/icon\/dark\/social\/reddit-share.png\"><br \/>\n\t\t\t\t<\/a>\n\t\t\t<\/li>\n<li>\n\t\t\t\t<a href=\"http:\/\/www.linkedin.com\/shareArticle?mini=true&#038;url=https:\/\/cirujanoplasticomurcia.es\/noviembre-reunion-smcpre\/&#038;title=14+noviembre%3A+Reuni%C3%B3n+de+la+SMCPRE.\" target=\"_blank\"><br \/>\n\t\t\t\t\t<img decoding=\"async\" class=\"no-preload\" src=\"\/wp-content\/themes\/modernize\/images\/icon\/dark\/social\/linkedin-share.png\"><br \/>\n\t\t\t\t<\/a>\n\t\t\t<\/li>\n<\/ul>\n<\/div>\n<div class='clear'><\/div>\n<div class=\"comment-wrapper\"><!-- Check Authorize --><br \/>\n<!-- Comment List --><br \/>\n<!-- Comment Form --><\/p>\n<div id=\"respond\" class=\"comment-respond\">\n<h3 id=\"reply-title\" class=\"comment-reply-title\">Deje su opini\u00f3n <small><a rel=\"nofollow\" id=\"cancel-comment-reply-link\" href=\"\/index.html#respond\" style=\"display:none;\">Cancelar la respuesta<\/a><\/small><\/h3>\n<p class=\"must-log-in\">Lo siento, debes estar <a href=\"\/entrada\/index.html%3Fredirect_to=https:%252F%252Fcirujanoplasticomurcia.es%252Fnoviembre-reunion-smcpre%252F.html\">conectado<\/a> para publicar un comentario.<\/p>\n<\/p><\/div>\n<p><!-- #respond --><\/p>\n<p class=\"akismet_comment_form_privacy_notice\">Este sitio usa Akismet para reducir el spam. <a href=\"https:\/\/akismet.com\/privacy\/\" target=\"_blank\" rel=\"nofollow noopener\"> Aprende c\u00f3mo se procesan los datos de tus comentarios.<\/a><\/p>\n<\/div>\n<\/div><\/div>\n<p> <!-- gdl-page-item --><\/p><\/div>\n<div class='five columns mt0 gdl-right-sidebar'>\n<div class='right-sidebar-wrapper gdl-divider'>\n<div class=\"custom-sidebar gdl-divider widget_pages\" id=\"pages-2\" >\n<h3 class=\"custom-sidebar-title sidebar-title-color gdl-title\">Miembros de la SMCPRE<\/h3>\n<ul>\n<li class=\"page_item page-item-918\"><a href=\"\/dr-alejandro-sanchez-rodenas\/index.html\">Dr. Alejandro S\u00e1nchez R\u00f3denas<\/a><\/li>\n<li class=\"page_item page-item-931\"><a href=\"\/dr-pablo-jose-vera-garcia\/index.html\">Dr. Pablo Jos\u00e9 Vera Garc\u00eda<\/a><\/li>\n<li class=\"page_item page-item-599\"><a href=\"\/cirujanos-plasticos-murcia\/cirujano-plastico-pedreno-guerao\/index.html\">Dr.  Francisco Pedre\u00f1o Guerao<\/a><\/li>\n<li class=\"page_item page-item-409\"><a href=\"\/cirujanos-plasticos-murcia\/eduardo-alvarez-carretero\/index.html\">Dr. Eduardo Alvarez Carretero<\/a><\/li>\n<li class=\"page_item page-item-765\"><a href=\"\/cirujanos-plasticos-murcia\/dr-francisco-del-pino-laccourreye\/index.html\">Dr. Francisco del Pino Laccourreye<\/a><\/li>\n<li class=\"page_item page-item-116\"><a href=\"\/cirujanos-plasticos-murcia\/francisco-jacinto-pedreno\/index.html\">Dr. Francisco Jacinto Pedre\u00f1o Ruiz<\/a><\/li>\n<li class=\"page_item page-item-371\"><a href=\"\/cirujanos-plasticos-murcia\/h-rodriguez-cirujano-plastico\/index.html\">Dr. Humberto Rodr\u00edguez Men\u00e9s<\/a><\/li>\n<li class=\"page_item page-item-752\"><a href=\"\/cirujanos-plasticos-murcia\/dr-garcia-contreras\/index.html\">Dr. Juan de Dios Garc\u00eda Contreras<\/a><\/li>\n<li class=\"page_item page-item-414\"><a href=\"\/cirujanos-plasticos-murcia\/pablo-canadillas-cirujano-plastic\/index.html\">Dr. Pablo Ca\u00f1adillas Math\u00edas<\/a><\/li>\n<li class=\"page_item page-item-298\"><a href=\"\/cirujanos-plasticos-murcia\/rafael-blanco-cirujano-plastico\/index.html\">Dr. Rafael Blanco Tapias<\/a><\/li>\n<li class=\"page_item page-item-635\"><a href=\"\/cirujanos-plasticos-murcia\/ramon-moreno-cirujano-plastico\/index.html\">Dr. Ram\u00f3n Andr\u00e9s Moreno Villalba<\/a><\/li>\n<li class=\"page_item page-item-659\"><a href=\"\/cirujanos-plasticos-murcia\/sergio-canovas-sanchis\/index.html\">Dr. Sergio C\u00e1novas Sanchis<\/a><\/li>\n<li class=\"page_item page-item-383\"><a href=\"\/cirujanos-plasticos-murcia\/paloma-ramon\/index.html\">Dra. Paloma Ram\u00f3n Faba<\/a><\/li>\n<li class=\"page_item page-item-723\"><a href=\"\/cirujanos-plasticos-murcia\/virginia-lopez-castillo\/index.html\">Dra. Virginia L\u00f3pez Castillo<\/a><\/li>\n<\/ul><\/div>\n<div class=\"custom-sidebar gdl-divider widget_nav_menu\" id=\"nav_menu-3\" >\n<h3 class=\"custom-sidebar-title sidebar-title-color gdl-title\">Enlaces de Inter\u00e9s<\/h3>\n<div class=\"menu-barra-lateral-container\">\n<ul id=\"menu-barra-lateral\" class=\"menu\">\n<li id=\"menu-item-523\" class=\"menu-item menu-item-type-custom menu-item-object-custom menu-item-523\"><a href=\"http:\/\/www.educpre.es\/\" title=\" Recursos que necesitas para tu pr\u00e1ctica diaria\">Educpre \u2013 Plataforma educativa de c.pl\u00e1stica, reparadora y est\u00e9tica<\/a><\/li>\n<li id=\"menu-item-524\" class=\"menu-item menu-item-type-custom menu-item-object-custom menu-item-524\"><a href=\"http:\/\/www.ipras.org\/\" title=\"IPRAS Confederaci\u00f3n Internacional de cirug\u00eda Pl\u00e1stica, Reparadora y Est\u00e9tica\">IPRAS \u2013 International Confederaci\u00f3n for Plastic Reconstructive &#038; Aesthetic Surgery<\/a><\/li>\n<li id=\"menu-item-525\" class=\"menu-item menu-item-type-custom menu-item-object-custom menu-item-525\"><a href=\"http:\/\/www.isaps.org\/\" title=\"Sociedad Internacional de Cirug\u00eda Pl\u00e1stica y Est\u00e9tica.\">ISAPS \u2013 International Society of Aesthetic Plastic Surgery<\/a><\/li>\n<li id=\"menu-item-526\" class=\"menu-item menu-item-type-custom menu-item-object-custom menu-item-526\"><a href=\"http:\/\/www.cirugiadellinfedema.org\/\" title=\" Registro Nacional de Pr\u00f3tesis de Mama.\">SREIM \u2013 Sistema de Registro Espa\u00f1ol de Implantes Mamarios<\/a><\/li>\n<\/ul>\n<\/div>\n<\/div>\n<div class='pt30'><\/div>\n<\/div>\n<\/div>\n<div class=\"clear\"><\/div>\n<\/p><\/div>\n<p> <!-- content-wrapper --><\/p><\/div>\n<p> <!-- header content wrapper -->\n\t<\/div>\n<p> <!-- content container --><\/p>\n","protected":false},"excerpt":{"rendered":"<p>14 noviembre: Reuni\u00f3n de la SMCPRE. noviembre 14, 2012 by Dr.F.J.Pedre\u00f1o cirug\u00eda infantil, cirug\u00eda pl\u00e1stica, SMCPRE 0 Comment La SECPRE\u00a0present\u00f3 su Primer Dec\u00e1logo\u00a0de Consejos previos\u00a0a someterse una intervenci\u00f3n de cirug\u00eda pl\u00e1stica. M\u00e1s de 350 cirujanos pl\u00e1sticos se reunieron en el XLVI Congreso de la Sociedad Espa\u00f1ola de Cirug\u00eda Pl\u00e1stica, Reparadora y Est\u00e9tica, que se celebr\u00f3 [&hellip;]<\/p>\n","protected":false},"author":1,"featured_media":0,"parent":0,"menu_order":0,"comment_status":"closed","ping_status":"closed","template":"","meta":{"footnotes":""},"class_list":["post-43","page","type-page","status-publish","hentry"],"_links":{"self":[{"href":"https:\/\/cirujanos-plasticos.jorgebastida.es\/index.php?rest_route=\/wp\/v2\/pages\/43","targetHints":{"allow":["GET"]}}],"collection":[{"href":"https:\/\/cirujanos-plasticos.jorgebastida.es\/index.php?rest_route=\/wp\/v2\/pages"}],"about":[{"href":"https:\/\/cirujanos-plasticos.jorgebastida.es\/index.php?rest_route=\/wp\/v2\/types\/page"}],"author":[{"embeddable":true,"href":"https:\/\/cirujanos-plasticos.jorgebastida.es\/index.php?rest_route=\/wp\/v2\/users\/1"}],"replies":[{"embeddable":true,"href":"https:\/\/cirujanos-plasticos.jorgebastida.es\/index.php?rest_route=%2Fwp%2Fv2%2Fcomments&post=43"}],"version-history":[{"count":0,"href":"https:\/\/cirujanos-plasticos.jorgebastida.es\/index.php?rest_route=\/wp\/v2\/pages\/43\/revisions"}],"wp:attachment":[{"href":"https:\/\/cirujanos-plasticos.jorgebastida.es\/index.php?rest_route=%2Fwp%2Fv2%2Fmedia&parent=43"}],"curies":[{"name":"wp","href":"https:\/\/api.w.org\/{rel}","templated":true}]}}